Let c(x) = 2*x**2 - 2*x + 3. Let w(a) = 10*a + 74. Let u be w(-7). Suppose 0 = 4*q + 15*o - 16*o - 10, -6 = -u*q + 3*o. Calculate c(q).
15
Suppose 29 - 257 = 57*d. Let r(i) = -8*i + 6. Calculate r(d).
38
Let u(q) = 2*q**2 + 22*q + 8. Let w(y) = y**2 + y - 11. Let n be w(0). Let o be u(n). Let f(x) = x**2 - 9*x + 11. Calculate f(o).
3
Let a(x) = -32*x**3 - 2*x**2 + 5*x - 1. Let n(r) = -28*r**3 - 2*r**2 + 6*r - 1. Let b(z) = -3*a(z) + 2*n(z). What is b(1)?
40
Let m(k) = -k**2 + 257*k - 213*k + 7 - 33*k. Let v(j) = -3*j - 4. Let b be v(-5). Give m(b).
7
Let v(y) = 2*y**2 + 18 + 8*y + 3 - y**2 - 20. Determine v(1).
10
Let h(o) = o**3 - 9*o**2 - 75*o + 77. Let t = 19629 - 19615. Give h(t).
7
Let g = -73 - -78. Let k(o) = 2*o**2 - o**2 + g*o - 11*o + 1 + 7*o. Let q be (1/3)/(1/(-3)). Give k(q).
1
Let s(i) = i**2 - 30*i + 124. Let c(k) = 9*k**2 - 29*k + 11. Let j be c(3). Determine s(j).
-1
Let o(b) = 2*b**3 - 6*b**2 - b - 13. Let q be 150/24 - (-1 + (-1)/(-4)). Let u(p) = -p**3 + 2*p**2 + p + 6. Let l(r) = q*u(r) + 3*o(r). What is l(-5)?
8
Let s(h) = 4 + 2896*h**3 + 11 - h + h**2 - 2895*h**3. Let u = 128 + -128. What is s(u)?
15
Let x(f) = -f**3 - 2*f**3 + 1 - 2*f + 5*f**3 - 2. Suppose p + 3*h = 2*p - 3, -h = 5*p + 1. Suppose p = -5*t - w - 5, 7*w = -2*t + 4*w + 11. What is x(t)?
-13
Let t(p) = -2*p**3 - 13*p**2 + 6*p + 12. Let h be t(-7). Let f(n) = 35*n**2 - 3*n**3 - h*n**2 + 2*n + 2*n**3 + 4 - 15*n**2. Determine f(-3).
34
Let w be -2 + ((-9)/(-3) - 0). Let r(n) be the first derivative of 7/2*n**4 - 27 + 0*n**3 + n**2 - n. Calculate r(w).
15
Let k(b) = -2*b**3 + 12*b**2 + 12*b - 4. Let h = 57 - 55. Let p(d) = d**3 - 12*d**2 - 12*d + 3. Let n(q) = h*k(q) + 3*p(q). Calculate n(-11).
12
Let l(c) = -3*c**3 + 17*c**2 - 11*c + 4. Let a be l(5). Let v(n) be the third derivative of -2*n**4/3 + n**3/6 + 3*n**2. Calculate v(a).
17
Let d(a) be the second derivative of -19*a**3/6 - 437*a**2/2 - 94*a + 1. Calculate d(-23).
0
Let w(n) be the third derivative of -n**5/12 + 67*n**4/12 + 31*n**3/6 + 3*n**2 - 74. Give w(27).
4
Let r(b) = -5*b**3 + 2*b**2 - 116*b - 85. Let i(h) = 3*h**3 - h**2 + 59*h + 45. Let v(g) = 7*i(g) + 4*r(g). Calculate v(7).
10
Suppose -2*t - 4 = -4*t. Let f(n) = 12*n + 6. Let z(h) = 12*h + 5. Let k(x) = t*f(x) - 3*z(x). Let o(a) = 2*a**2 + 3*a - 2. Let l be o(0). Give k(l).
21
Let s(l) = 6 + 5718*l**2 + 1 - 5727*l**2 + l**3 + 0*l**3. Let p(b) = -9*b**3 + b + 1. Let d be p(-1). Determine s(d).
7
Let q(b) = -b**2 - 34*b + 14. Suppose -82*o + 175 = -87*o. What is q(o)?
-21
Let v(m) be the second derivative of m**5/20 - 5*m**4/4 + m**3/2 - 18*m**2 + 963*m. What is v(15)?
9
Suppose 0 = -2*y - 10, -s + 14 = -14*y + 13*y. Let a(n) = n**3 - 6*n**2 - 27*n + 9. Give a(s).
9
Let d(z) = -134*z**2 + 334*z + 2432. Let o(r) = -23*r**2 + 56*r + 406. Let p(n) = 6*d(n) - 35*o(n). Calculate p(-32).
-2
Let u be 1 - (-4)/(2 - 3). Let b(t) = 11*t + 183 - 724 + 183 + 175 + 179. Calculate b(u).
-37
Let c = 14 - 6. Let o be 3/2*c/(-6). Let p(z) be the second derivative of -3*z**5/20 + z**3/3 + z**2/2 + 51827*z. Give p(o).
21
Let k(g) = -2*g**2 - 2*g + 1. Let h be k(-2). Let a be (-6*(5/h)/(-5))/(-2). Let d(w) = a + w - 3 + 2. Give d(3).
3
Suppose 40*d - 30*d = 9410. Let x = d + -945. Let t(g) = -4*g + 6. Determine t(x).
22
Let n(s) = -59*s + 13*s**2 - 134*s + 30 - s**3 + 150*s. Give n(8).
6
Let d = 1440 + -1445. Let t(i) = -10*i - 36. Give t(d).
14
Suppose 16*q + 2 = 34. Suppose -a + 0 = -q, 0 = -4*x - 2*a - 24. Let s(h) = -3 - 27*h + 5 + 26*h. Determine s(x).
9
Let m(g) = -12*g + 1367*g**3 - 2730*g**3 + 1364*g**3 + 11*g + 16 - 1. Let x(w) = w**2 - 4*w + 3. Let h be x(3). What is m(h)?
15
Let r(o) = -2*o + 4. Let x(h) = -h + 4. Let d(n) = -2*r(n) + 3*x(n). Let k = 1502 - 1496. What is d(k)?
10
Let l(k) = 1023*k + 9 + 1309*k**3 - 4*k**2 - 1310*k**3 - 991*k. Calculate l(-8).
9
Suppose -98 = -6*v + 11 + 53. Let l(w) = w**3 - 27*w**2 - 7. Determine l(v).
-7
Let h be (-1 + 2 + 4)/(995/398). Let f(u) = 33*u - 69. What is f(h)?
-3
Let b(z) = 17*z + 155. Let c = 15451 + -15460. What is b(c)?
2
Let q(j) = -3*j + 34. Let x(p) = -4*p + 35. Let y(n) = -3*q(n) + 2*x(n). Determine y(33).
1
Let p(r) = 11*r - 93. Let h be 420/15*-1*2*1/(-8). Calculate p(h).
-16
Let u(k) = -k**3 - 10*k**2 + 9*k - 13. Suppose 3*l - 7 + 0 = 5*p, -2 = -p + 4*l. Let x be (p/(-4))/1 - 276/24. Give u(x).
9
Suppose -4*x = x. Let s(f) be the third derivative of 0*f - 1/24*f**4 - 4*f**2 - f**3 + 0. Give s(x).
-6
Let q(p) = -7*p**3 + 22*p**2 + p - 8. Let h(f) = -12*f**3 + 40*f**2 + f - 14. Let y(x) = -4*h(x) + 7*q(x). Determine y(-5).
-40
Suppose -50*j = -44*j - 18. Suppose -3*n + 2*o + 7 = 0, -n + j*o + 13 = 4*n. Let z(d) = -d**3 + 6*d**2 + d - 4. What is z(n)?
26
Let u(h) = -11*h**3 + 20*h**2 + 14*h - 7. Let v(a) = -13*a**3 + 21*a**2 + 14*a - 9. Let q(f) = -7*u(f) + 6*v(f). Give q(-13).
8
Let t(m) = -286 + 9*m - 165 + 501 + 3*m - 351. What is t(25)?
-1
Suppose -31 = -2*w - 7. Let b = w - 6. Let t(d) = -d + 4 - b - 1 - 2. Calculate t(-5).
0
Let r(n) = 36*n**2 - 11*n**2 + 49 + 5*n + 25*n - 8*n**2 - 16*n**2. What is r(-28)?
-7
Let b(d) = -4*d**2 + 0*d**2 + 11*d**2 + 5 + 0*d**3 + d**3. Suppose 209*h + 812 = 23*h + 70*h. Give b(h).
5
Let k(c) = 3*c + 7. Let n(j) = j**2 + j + 9. Let x be n(-5). Suppose -3*s + s + 3*u = -6, -5*s = -4*u - x. Suppose -s*l = 6 + 39. Calculate k(l).
-8
Let d = 4158 + -4115. Let k(z) = -6*z + 255. Calculate k(d).
-3
Let b(n) = 3*n - 26. Let r be b(7). Let s(m) = 4*m + 22. Let l be s(r). Let k(g) = 3 - 4 - g**l + 9*g**2 - 9*g**2. Give k(3).
-10
Let a be ((-12)/(-33))/((-42)/(-2541)). Let h = 1 + -20. Let k = h + a. Let y(q) = q**2 + 2*q - 1. Determine y(k).
14
Let t = -12 - -18. Let p(j) = j - 13. Let r be p(15). Let f(y) = -r*y + 0*y + t*y + 5 - y**2. What is f(5)?
0
Let j(r) = 18*r - 217. Let f be ((-221)/(-13))/((-2)/1 + 3) - 5. Give j(f).
-1
Let h(z) be the first derivative of -z**3/3 - 6*z**2 + 10*z + 1. Suppose -1161*o - 7818 = 3792. What is h(o)?
30
Let f(o) = -6*o**2 - 52*o + 13. Let z be (15 + -9 + 3)/(-1). What is f(z)?
-5
Let w be 3 + -3 - (-2 - 0). Suppose -85 = w*m + 15*m. Let b(z) = -2*z - 16. Give b(m).
-6
Let p(c) = -c**2 + 5*c + 370. Let n(m) = -18*m + 973. Let y be n(55). Determine p(y).
-4
Let n(h) be the third derivative of h**6/120 - h**5/60 - h**4/24 - 9*h**2. Let w = 896 - 894. Determine n(w).
2
Let k(b) = -1. Let i(a) = -a + 4. Let l(c) = i(c) + 2*k(c). Let j = -10 + 4. Determine l(j).
8
Let v(g) be the second derivative of g**5/20 - 7*g**4/12 + 5*g**3/6 - g**2/2 - 5*g + 221. Suppose -4*p + 37 = 3*n, -4*n + 3*n - 5*p + 27 = 0. Give v(n).
34
Let h(o) be the second derivative of -o**4/12 - 34*o**3/3 - 130*o**2 - 10364*o. What is h(-4)?
-4
Let w(k) = -k**2 + 12*k - 1. Suppose 3*a = -4*i + 8, 3*i + 53 = 3*a - 4. What is w(a)?
-1
Let a(w) = w**2 + 13*w - 11. Let p be a(-12). Let b = 16 + p. Let n(j) = j**3 + 7*j**2 - 4. Calculate n(b).
-4
Let g(w) be the first derivative of 0*w**2 + 1/3*w**3 - 6 - 4*w. Suppose 2*n - 10 = 3*x, -x - 37 = 5*n - 28. Determine g(x).
12
Let h(d) be the first derivative of -d**4/4 + d**3/3 - 2*d - 10. Let i be 0/((-1)/2*-6). What is h(i)?
-2
Let d(o) = -2785*o + 4 - 2784*o + 8353*o - 2794*o. Give d(4).
-36
Let u(m) be the first derivative of m**5/20 - m**4/6 - m**3/6 - m**2/2 - 47*m + 83. Let h(d) be the first derivative of u(d). Determine h(2).
-3
Let g(b) = 30 - b - 8 - 25 - 1 - 6 - 1. Let d be (-9)/(-2) - 1/2. Suppose c - 25 = 3*h, d*h = 2*c + 2*c - 20. Calculate g(h).
-1
Let r(c) = -28*c**2 - 3*c - 9. Let n(y) be the first derivative of -10*y**3/3 - y**2/2 - 3*y - 147. Let x(o) = 11*n(o) - 4*r(o). What is x(0)?
3
Let v(o) be the first derivative of 31*o**2/2 + 249*o - 8108. Give v(-8).
1
Let j(f) = f**2 - 4*f + 6. Let k be j(2). Let y(t) be the second derivative of 1/2*t**2 + 0*t**3 + 1/10*t**5 + 0*t**4 + 15*t + 0. Calculate y(k).
17
Suppose 101*n - 354 + 22 = 329*n + 580. Let u(k) be the second derivative of k**5/20 - 2*k**3/3 - k. What is u(n)?
-48
Let k(i) = -2*i + 10. Let b(a) = -1. Let d(g) = 5*b(g) + k(g). Let t(p) = -29 + 45 + 4 - 7*p. Let l(w) = -9*d(w) + 2*t(w). Give l(4).
11
Let x(l) = -3*l + 51. Let b = 2556 + -2526. Calculate x(b).
-39
Suppose -10 = -8*j + 14. Let o(x) = -x**2 + 3*x - 15. Let m(s) = -4*s + 10. Let f(k) 